?
104443213
In base 3, what is -2111222 + 21201020?
12012021
In base 2, what is -101000010110000 + 11011011?
-100111111010101
In base 6, what is -2145355 - -11142?
-2134213
In base 10, what is -307742 + 27?
-307715
In base 16, what is 11 - -1a3318?
1a3329
In base 6, what is 334 - 542125534?
-542125200
In base 8, what is -1204741467 + 5?
-1204741462
In base 6, what is 123505 + 43415?
211324
In base 2, what is 10111000000011100110110111 - -10?
10111000000011100110111001
In base 9, what is -48076630 - -11?
-48076618
In base 14, what is -76b + 6b4?
-97
In base 14, what is -7 - db032b1?
-db032b8
In base 4, what is 102330 + -11203302?
-11100312
In base 12, what is -4464a + -690?
-4511a
In base 15, what is -7 + 62bae?
62ba7
In base 11, what is 979 - 1173a6?
-116528
In base 16, what is -c9dd56 - 4?
-c9dd5a
In base 14, what is 5 - -850117?
85011c
In base 7, what is -125004511 - -225?
-125004253
In base 8, what is 0 - -177223216?
177223216
In base 4, what is 2013303 - -2122010?
10201313
In base 15, what is -1271 - 19ad5?
-1ad56
In base 10, what is 1264738 - 13?
1264725
In base 3, what is -120222202222 + 111?
-120222202111
In base 9, what is -57 + -8731202?
-8731260
In base 11, what is -4 + 86a70a?
86a706
In base 5, what is -122 + -223003141?
-223003313
In base 7, what is -1253 + 5320115?
5315532
In base 10, what is 406968 - 5?
406963
In base 13, what is 7773b2 + 1?
7773b3
In base 15, what is c4513 - -93?
c45a6
In base 4, what is -10 - 22332211123?
-22332211133
In base 15, what is -3531 + -782e?
-ad60
In base 16, what is -be1d110 - -4?
-be1d10c
In base 10, what is 591 - -97?
688
In base 6, what is -24531 + -151053?
-220024
In base 16, what is 3bc + 2311?
26cd
In base 12, what is 1741 - 56?
16a7
In base 8, what is 23 - 333152?
-333127
In base 10, what is -13368 + -89?
-13457
In base 7, what is 45 + -20100524?
-20100446
In base 15, what is 1 - 52a6935?
-52a6934
In base 2, what is -10 + 110011010101000000111011010?
110011010101000000111011000
In base 12, what is -13384 + 608?
-12978
In base 10, what is -2517988 + 438?
-2517550
In base 8, what is 131623 - 12?
131611
In base 6, what is 452205 + 21?
452230
In base 14, what is -1db70996 - 5?
-1db7099b
In base 16, what is 4773b19a + 5?
4773b19f
In base 11, what is 2942626 + -6?
2942620
In base 15, what is 6ad44 + -14a?
6abe9
In base 5, what is -10 + -3411133240?
-3411133300
In base 13, what is -6a44 - b031?
-14a75
In base 15, what is c44 - 111?
b33
In base 7, what is 23160612560 + 3?
23160612563
In base 16, what is 27 - 532ba?
-53293
In base 11, what is -26384 + 225?
-2615a
In base 10, what is -124364 - -904?
-123460
In base 8, what is 37245 - 2716?
34327
In base 8, what is -224046567 - -2?
-224046565
In base 9, what is -12 + 1750281?
1750268
In base 15, what is 4 - -2cc7de6?
2cc7dea
In base 7, what is 22626 + -2005432?
-1652503
In base 4, what is -203 + 220103300322?
220103300113
In base 11, what is 53a300 - 1?
53a2aa
In base 12, what is 4752 + 4b5?
5047
In base 13, what is -a55a - -2b74?
-76b6
In base 15, what is -221 + 9b82?
9961
In base 9, what is -5 - 132270885?
-132271001
In base 12, what is 9930b - -58?
99367
In base 6, what is -31 + 233525234?
233525203
In base 6, what is -33141 + 1514?
-31223
In base 2, what is -1110010000100010100110 + -1100?
-1110010000100010110010
In base 12, what is -6a917 - 254?
-6ab6b
In base 3, what is 2202100 + -121002020?
-111022220
In base 16, what is 9fa5fb + 21?
9fa61c
In base 11, what is 215946 - -41?
215987
In base 6, what is -13233041434 - 4?
-13233041442
In base 15, what is -2 - 1d05cc3?
-1d05cc5
In base 10, what is -138 - -79435?
79297
In base 2, what is 1101010100101101001010011011 - -11?
1101010100101101001010011110
In base 7, what is 134 - -13055435?
13055602
In base 11, what is -2 + -1244429?
-1244430
In base 4, what is -1333 - 3100230122?
-3100232121
In base 15, what is -2dc6bc - -3?
-2dc6b9
In base 2, what is 101010010101100011 - 11101?
101010010101000110
In base 11, what is -2 + 345496a?
3454968
In base 4, what is -3 + 3330230123232?
3330230123223
In base 2, what is 110000001110 + -10111011?
101101010011
In base 16, what is -8695 - cb5?
-934a
In base 16, what is c + 15073?
1507f
In base 5, what is -2123024 - -4032?
-2113442
In base 9, what is -18436643 + -3?
-18436646
In base 9, what is 6 + -6253484?
-6253477
In base 2, what is -111011110010111100110010 + 0?
-111011110010111100110010
In base 9, what is 8527 - 1333?
7184
In base 4, what is 120 + -23002210330?
-23002210210
In base 13, what is 2 + 361394a?
361394c
In base 12, what is 1388384 + 187?
138854b
In base 3, what is 1010102221010 - -2012?
1010110000022
In base 11, what is 16995a8 - -31?
1699629
In base 11, what is -2188866 - -69?
-21887a8
In base 10, what is -103 - -125098?
124995
In base 5, what is 330331323014 - 4?
330331323010
In base 11, what is 77 - 1349a8?
-134931
In base 5, what is 42 - 20432144?
-20432102
In base 11, what is 31 - -382a903?
382a934
In base 6, what is -434414 - -43044?
-351330
In base 11, what is -27 - -32941?
32915
In base 16, what is -365ff - -1a?
-365e5
In base 7, what is -4000556 - -2?
-4000554
In base 15, what is 1 - 6cb042?
-6cb041
In base 15, what is -2187a2a5 + 2?
-2187a2a3
In base 15, what is -5307 + -b9e?
-5ea6
In base 2, what is 10011111001100001 + 101000000?
10011111110100001
In base 10, what is 16 + 535984?
536000
In base 10, what is 56 + 1308490?
1308546
In base 9, what is 4 - -1135586?
1135601
In base 2, what is 1000110010110100101010101100 + -1?
1000110010110100101010101011
In base 7, what is 20124 + -213?
16611
In base 4, what is 2012 + -2311213321?
-2311211303
In base 4, what is 332211 + -302123?
30022
In base 12, what is 9b6538 + 2b?
9b6567
In base 15, what is -377 + -20e6?
-246d
In base 16, what is 3d - 13070c?
-1306cf
In base 11, what is -770 - -211225?
210565
In base 12, what is -782479 + 10?
-782469
In base 11, what is -11857833 - 2?
-11857835
In base 15, what is e51b3a9 + 4?
e51b3ad
In base 5, what is -133 + -1030011020?
-1030011203
In base 4, what is -1211013 - -2?
-1211011
In base 11, what is -206 + -149151?
-149357
In base 9, what is 155 - 12143?
-11877
In base 14, what is 188c83 - 17?
188c6a
In base 14, what is -39 + 92b91?
92b56
In base 8, what is 12277 - 11347?
730
In base 12, what is -2 - -55502?
55500
In base 11, what is -76832a + -466?
-768795
In base 10, what is -100805 + -38?
-100843
In base 11, what is -17595 + -19692?
-36177
In base 7, what is 1223 - 34565?
-33342
In base 7, what is 1363005533 - -4?
1363005540
In base 3, what is -12 - -202122000121220?
202122000121201
In base 5, what is 0 - -4424141?
4424141
In base 10, what is 19711 + -686?
19025
In base 5, what is 310420243441 + 1?
310420243442
In base 4, what is 1210132101 + -12?
1210132023
In base 2, what is 1111000100000 - 11110000111?
1011010011001
In base 13, what is -14 + -41b0cb7?
-41b0ccb
In base 14, what is -654704 + -4?
-654708
In base 11, what is -2 - -1824a1a?
1824a18
In base 16, what is -8000 + 67?
-7f99
In base 5, what is 0 + -431110442?
-431110442
In base 15, what is 2aec + -cabd?
-9ec1
In base 10, what is -3506790 - -17?
-3506773
In base 10, what is 8 + -719226?
-719218
In base 6, what is 12 - 1342431252?
-1342431240
In base 12, what is -108628 - 3?
-10862b
In base 2, what is -1111101100011010010111100010 + 10?
-1111101100011010010111100000
In base 14, what is 8464 + -10d5?
736d
In base 5, what is 3131210 - -1234?
3132444
In base 5, what is 1 + -44433111102?
-44433111101
In base 11, what is -2 - 21a727a0?
-21a727a2
In base 13, what is -892b - 10a?
-8a38
In base 10, what is -1443 + -50596?
-52039
In base 4, what is 11232100201 + 30?
11232100231
In base 2, what is -1000000000 + 11111000010101010?
11110111010101010
In base 8, what is -16 + 1517131?
1517113
In base 5, what is -114122331 + 2004?
-114120322
In base 14, what is 2ca - 193a3?
-190b7
In base 4, what is -2333223 + -212130?
-3212013
In base 14, what is ac361 + c3?
ac444
In base 5, what is -11241 + -3321?
-20112
In base 14, what is 1137ddab + -2?
1137dda9
In base 7, what is 4114 + 35324?
42441
In base 11, what is 28 + -47299?
-47271
In base 15, what is -8d94 - 51b?
-93b0
In base 8, what is -2 - 34226226?
-34226230
In base 10, what is -1 - -258009049?
258009048
In base 3, what is -1021 + 20010122012202?
20010122011111
In b